{"id":13,"date":"2026-03-17T08:26:02","date_gmt":"2026-03-17T08:26:02","guid":{"rendered":"https:\/\/wiki.dentalweb.cz\/?page_id=13"},"modified":"2026-03-17T08:47:43","modified_gmt":"2026-03-17T08:47:43","slug":"zaklady-domaci-pece","status":"publish","type":"page","link":"https:\/\/wiki.dentalweb.cz\/?page_id=13","title":{"rendered":"1. Z\u00e1klady dom\u00e1c\u00ed p\u00e9\u010de"},"content":{"rendered":"\n<p>Tento okruh je ur\u010den pro ka\u017ed\u00e9ho pacienta \u2014 pro za\u010d\u00e1te\u010dn\u00edky i pro ty, kte\u0159\u00ed cht\u011bj\u00ed svou dom\u00e1c\u00ed p\u00e9\u010di zlep\u0161it. Najdete zde z\u00e1kladn\u00ed t\u00e9mata, kter\u00e1 maj\u00ed nejv\u011bt\u0161\u00ed vliv na zdrav\u00ed zub\u016f a d\u00e1sn\u00ed. Videa vysv\u011btluj\u00ed techniku, b\u011b\u017en\u00e9 chyby i d\u016fle\u017eit\u00e9 souvislosti.<\/p>\n\n\n\n<p><strong>Seznam budouc\u00edch vide\u00ed:<\/strong><\/p>\n\n\n\n<ul class=\"wp-block-list\">\n<li>Spr\u00e1vn\u00e1 technika \u010di\u0161t\u011bn\u00ed manu\u00e1ln\u00edm zubn\u00edm kart\u00e1\u010dkem<\/li>\n\n\n\n<li>Spr\u00e1vn\u00e1 technika \u010di\u0161t\u011bn\u00ed elektrick\u00fdm zubn\u00edm kart\u00e1\u010dkem<\/li>\n\n\n\n<li>Vznik a v\u00fdvoj zubn\u00edho kazu<\/li>\n\n\n\n<li>Z\u00e1pach z \u00fast<\/li>\n\n\n\n<li>Pro\u010d nesta\u010d\u00ed jen zubn\u00ed kart\u00e1\u010dek<\/li>\n\n\n\n<li>Elektrick\u00fd vs. manu\u00e1ln\u00ed kart\u00e1\u010dek<\/li>\n\n\n\n<li>Jak dlouho a jak \u010dasto \u010distit zuby<\/li>\n\n\n\n<li>Fluoridy bez zmatku<\/li>\n\n\n\n<li>Plak, pigment a zubn\u00ed k\u00e1men: jak\u00fd je rozd\u00edl<\/li>\n\n\n\n<li>Pro\u010d d\u00e1sn\u011b krv\u00e1c\u00ed<\/li>\n\n\n\n<li>Jak \u010distit jazyk a pro\u010d na tom z\u00e1le\u017e\u00ed<\/li>\n\n\n\n<li>Nej\u010dast\u011bj\u0161\u00ed chyby p\u0159i dom\u00e1c\u00ed hygien\u011b<\/li>\n\n\n\n<li>Jak si vytvo\u0159it udr\u017eitelnou 3minutovou rutinu<\/li>\n<\/ul>\n","protected":false},"excerpt":{"rendered":"<p>Tento okruh je ur\u010den pro ka\u017ed\u00e9ho pacienta \u2014 pro za\u010d\u00e1te\u010dn\u00edky i pro ty, kte\u0159\u00ed cht\u011bj\u00ed svou dom\u00e1c\u00ed p\u00e9\u010di zlep\u0161it. Najdete zde z\u00e1kladn\u00ed t\u00e9mata, kter\u00e1 maj\u00ed nejv\u011bt\u0161\u00ed vliv na zdrav\u00ed zub\u016f a d\u00e1sn\u00ed. Videa vysv\u011btluj\u00ed techniku, b\u011b\u017en\u00e9 chyby i d\u016fle\u017eit\u00e9 souvislosti. Seznam budouc\u00edch vide\u00ed:<\/p>\n","protected":false},"author":1,"featured_media":0,"parent":11,"menu_order":0,"comment_status":"closed","ping_status":"closed","template":"","meta":{"footnotes":""},"class_list":["post-13","page","type-page","status-publish","hentry"],"_links":{"self":[{"href":"https:\/\/wiki.dentalweb.cz\/index.php?rest_route=\/wp\/v2\/pages\/13","targetHints":{"allow":["GET"]}}],"collection":[{"href":"https:\/\/wiki.dentalweb.cz\/index.php?rest_route=\/wp\/v2\/pages"}],"about":[{"href":"https:\/\/wiki.dentalweb.cz\/index.php?rest_route=\/wp\/v2\/types\/page"}],"author":[{"embeddable":true,"href":"https:\/\/wiki.dentalweb.cz\/index.php?rest_route=\/wp\/v2\/users\/1"}],"replies":[{"embeddable":true,"href":"https:\/\/wiki.dentalweb.cz\/index.php?rest_route=%2Fwp%2Fv2%2Fcomments&post=13"}],"version-history":[{"count":3,"href":"https:\/\/wiki.dentalweb.cz\/index.php?rest_route=\/wp\/v2\/pages\/13\/revisions"}],"predecessor-version":[{"id":39,"href":"https:\/\/wiki.dentalweb.cz\/index.php?rest_route=\/wp\/v2\/pages\/13\/revisions\/39"}],"up":[{"embeddable":true,"href":"https:\/\/wiki.dentalweb.cz\/index.php?rest_route=\/wp\/v2\/pages\/11"}],"wp:attachment":[{"href":"https:\/\/wiki.dentalweb.cz\/index.php?rest_route=%2Fwp%2Fv2%2Fmedia&parent=13"}],"curies":[{"name":"wp","href":"https:\/\/api.w.org\/{rel}","templated":true}]}}