{"id":18,"date":"2026-03-17T08:28:51","date_gmt":"2026-03-17T08:28:51","guid":{"rendered":"https:\/\/wiki.dentalweb.cz\/?page_id=18"},"modified":"2026-03-17T08:48:22","modified_gmt":"2026-03-17T08:48:22","slug":"co-se-deje-pri-dentalni-hygiene-v-ordinaci","status":"publish","type":"page","link":"https:\/\/wiki.dentalweb.cz\/?page_id=18","title":{"rendered":"3. Co se d\u011bje p\u0159i dent\u00e1ln\u00ed hygien\u011b v ordinaci"},"content":{"rendered":"\n<p>Tento okruh vysv\u011btluje, co se d\u011bje b\u011bhem dent\u00e1ln\u00ed hygieny v ordinaci a pro\u010d jsou jednotliv\u00e9 kroky d\u016fle\u017eit\u00e9. Pom\u016f\u017ee v\u00e1m l\u00e9pe porozum\u011bt v\u00fdkon\u016fm, kter\u00e9 se p\u0159i n\u00e1v\u0161t\u011bv\u011b prov\u00e1d\u011bj\u00ed, i doporu\u010den\u00edm po o\u0161et\u0159en\u00ed. C\u00edlem je v\u011bt\u0161\u00ed jistota, d\u016fv\u011bra a lep\u0161\u00ed orientace v p\u00e9\u010di.<\/p>\n\n\n\n<p><strong>Seznam budouc\u00edch vide\u00ed:<\/strong><\/p>\n\n\n\n<ul class=\"wp-block-list\">\n<li>Indexy dent\u00e1ln\u00ed hygieny<\/li>\n\n\n\n<li>P\u00edskov\u00e1n\u00ed (airflow)<\/li>\n\n\n\n<li>Le\u0161t\u011bn\u00ed skloviny<\/li>\n\n\n\n<li>Odstran\u011bn\u00ed zubn\u00edho kamene ultrazvukem<\/li>\n\n\n\n<li>Co \u010dekat po dent\u00e1ln\u00ed hygien\u011b<\/li>\n\n\n\n<li>Pro\u010d mohou d\u00e1sn\u011b prvn\u00ed dny po hygien\u011b v\u00edce reagovat<\/li>\n\n\n\n<li>Citlivost po odstran\u011bn\u00ed kamene<\/li>\n\n\n\n<li>Jak udr\u017eet v\u00fdsledek prvn\u00ed t\u00fdden po hygien\u011b<\/li>\n\n\n\n<li>Jak pozn\u00e1m, \u017ee \u010dist\u00edm technicky spr\u00e1vn\u011b<\/li>\n\n\n\n<li>Jak sledovat sv\u016fj pokrok doma<\/li>\n\n\n\n<li>Kdy se objednat d\u0159\u00edv ne\u017e na pl\u00e1novanou kontrolu<\/li>\n<\/ul>\n","protected":false},"excerpt":{"rendered":"<p>Tento okruh vysv\u011btluje, co se d\u011bje b\u011bhem dent\u00e1ln\u00ed hygieny v ordinaci a pro\u010d jsou jednotliv\u00e9 kroky d\u016fle\u017eit\u00e9. Pom\u016f\u017ee v\u00e1m l\u00e9pe porozum\u011bt v\u00fdkon\u016fm, kter\u00e9 se p\u0159i n\u00e1v\u0161t\u011bv\u011b prov\u00e1d\u011bj\u00ed, i doporu\u010den\u00edm po o\u0161et\u0159en\u00ed. C\u00edlem je v\u011bt\u0161\u00ed jistota, d\u016fv\u011bra a lep\u0161\u00ed orientace v p\u00e9\u010di. Seznam budouc\u00edch vide\u00ed:<\/p>\n","protected":false},"author":1,"featured_media":0,"parent":11,"menu_order":0,"comment_status":"closed","ping_status":"closed","template":"","meta":{"footnotes":""},"class_list":["post-18","page","type-page","status-publish","hentry"],"_links":{"self":[{"href":"https:\/\/wiki.dentalweb.cz\/index.php?rest_route=\/wp\/v2\/pages\/18","targetHints":{"allow":["GET"]}}],"collection":[{"href":"https:\/\/wiki.dentalweb.cz\/index.php?rest_route=\/wp\/v2\/pages"}],"about":[{"href":"https:\/\/wiki.dentalweb.cz\/index.php?rest_route=\/wp\/v2\/types\/page"}],"author":[{"embeddable":true,"href":"https:\/\/wiki.dentalweb.cz\/index.php?rest_route=\/wp\/v2\/users\/1"}],"replies":[{"embeddable":true,"href":"https:\/\/wiki.dentalweb.cz\/index.php?rest_route=%2Fwp%2Fv2%2Fcomments&post=18"}],"version-history":[{"count":3,"href":"https:\/\/wiki.dentalweb.cz\/index.php?rest_route=\/wp\/v2\/pages\/18\/revisions"}],"predecessor-version":[{"id":41,"href":"https:\/\/wiki.dentalweb.cz\/index.php?rest_route=\/wp\/v2\/pages\/18\/revisions\/41"}],"up":[{"embeddable":true,"href":"https:\/\/wiki.dentalweb.cz\/index.php?rest_route=\/wp\/v2\/pages\/11"}],"wp:attachment":[{"href":"https:\/\/wiki.dentalweb.cz\/index.php?rest_route=%2Fwp%2Fv2%2Fmedia&parent=18"}],"curies":[{"name":"wp","href":"https:\/\/api.w.org\/{rel}","templated":true}]}}